{"id":272,"date":"2025-01-19T13:42:28","date_gmt":"2025-01-19T12:42:28","guid":{"rendered":"https:\/\/mieljura-fernandez.fr\/?page_id=272"},"modified":"2025-01-19T13:44:15","modified_gmt":"2025-01-19T12:44:15","slug":"la-ferme-en-ete","status":"publish","type":"page","link":"https:\/\/mieljura-fernandez.fr\/index.php\/la-ferme-en-ete\/","title":{"rendered":"La ferme en \u00e9t\u00e9"},"content":{"rendered":"\n<div class=\"wp-block-columns is-layout-flex wp-container-core-columns-is-layout-9d6595d7 wp-block-columns-is-layout-flex\">\n<div class=\"wp-block-column is-layout-flow wp-block-column-is-layout-flow\" style=\"flex-basis:66.66%\">\n<div style=\"height:20px\" aria-hidden=\"true\" class=\"wp-block-spacer\"><\/div>\n\n\n\n<p><strong>En juillet et ao\u00fbt, venez nous rendre visite \u00e0 la ferme chaque mercredi de 16h30 \u00e0 18h, <a href=\"https:\/\/www.google.fr\/maps\/place\/Miel,+Apiculteur+Fernandez\/@46.5523553,5.6058661,17z\/data=!3m1!4b1!4m6!3m5!1s0x478cdb6d2a0e9f6d:0x6a06be04b790bd85!8m2!3d46.5523553!4d5.6058661!16s%2Fg%2F1tg_8crl?entry=ttu\" target=\"_blank\" rel=\"noopener\">11 rue de la Rippe \u00e0 Dompierre-sur-mont<\/a>.<\/strong><\/p>\n\n\n\n<figure class=\"wp-block-image size-full is-style-rounded\"><img loading=\"lazy\" decoding=\"async\" width=\"800\" height=\"600\" src=\"http:\/\/mieljura-fernandez.fr\/wp-content\/uploads\/2024\/07\/Viste-01.jpg\" alt=\"\" class=\"wp-image-102\" srcset=\"https:\/\/mieljura-fernandez.fr\/wp-content\/uploads\/2024\/07\/Viste-01.jpg 800w, https:\/\/mieljura-fernandez.fr\/wp-content\/uploads\/2024\/07\/Viste-01-300x225.jpg 300w, https:\/\/mieljura-fernandez.fr\/wp-content\/uploads\/2024\/07\/Viste-01-768x576.jpg 768w\" sizes=\"auto, (max-width: 800px) 100vw, 800px\" \/><\/figure>\n\n\n\n<div style=\"height:20px\" aria-hidden=\"true\" class=\"wp-block-spacer\"><\/div>\n\n\n\n<figure class=\"wp-block-image size-full is-style-rounded\"><img loading=\"lazy\" decoding=\"async\" width=\"800\" height=\"600\" src=\"http:\/\/mieljura-fernandez.fr\/wp-content\/uploads\/2024\/07\/Viste-02.jpg\" alt=\"\" class=\"wp-image-100\" srcset=\"https:\/\/mieljura-fernandez.fr\/wp-content\/uploads\/2024\/07\/Viste-02.jpg 800w, https:\/\/mieljura-fernandez.fr\/wp-content\/uploads\/2024\/07\/Viste-02-300x225.jpg 300w, https:\/\/mieljura-fernandez.fr\/wp-content\/uploads\/2024\/07\/Viste-02-768x576.jpg 768w\" sizes=\"auto, (max-width: 800px) 100vw, 800px\" \/><\/figure>\n\n\n\n<p class=\"has-text-align-center\">Tout au long de l&rsquo;ann\u00e9e, retrouvez \u00e9galement nos bons miels \u00e0 la fromagerie du Mont-Orgier \u00e0 Orgelet.<\/p>\n<\/div>\n\n\n\n<div class=\"wp-block-column is-layout-flow wp-block-column-is-layout-flow\" style=\"flex-basis:33.33%\">\n<div style=\"height:20px\" aria-hidden=\"true\" class=\"wp-block-spacer\"><\/div>\n\n\n\n<div class=\"wp-block-group\"><div class=\"wp-block-group__inner-container is-layout-constrained wp-block-group-is-layout-constrained\">\n<div class=\"wp-block-group has-luminous-vivid-amber-color has-black-background-color has-text-color has-background has-link-color wp-elements-150f0a07b0b95e7fb1ec8225e0d5a857\"><div class=\"wp-block-group__inner-container is-layout-constrained wp-block-group-is-layout-constrained\">\n<h5 class=\"wp-block-heading has-text-align-center has-luminous-vivid-amber-color has-black-background-color has-text-color has-background has-link-color wp-elements-0efcbdf9907410305b0430d2eb101017\">Recevez nos bons miels pr\u00e8s de chez vous<\/h5>\n\n\n\n<p class=\"has-text-align-center has-luminous-vivid-amber-color has-black-background-color has-text-color has-background has-link-color wp-elements-83b9116acb18f00712f19356eb6fb98d\">Vous arrivez \u00e0 la fin de votre dernier pot de miel du Jura, encore 2 cuill\u00e8res et c&rsquo;est la fin, plus rien, plus une petite goutte de votre miel pr\u00e9f\u00e9r\u00e9. Aucun espoir de revenir dans le Jura dans les prochains jours. Le d\u00e9sespoir s&#8217;empare de vous et la d\u00e9pression vous gagne&#8230; \ud83d\ude30<br><br>Pas de panique, nos miels peuvent \u00eatre exp\u00e9di\u00e9s directement pr\u00e8s de chez vous en quelques jours, dans le point Mondial Relay de votre choix.<br><br>Et l\u00e0, votre sourire r\u00e9apparait, l&rsquo;espoir rena\u00eet subitement \ud83d\ude0d et vous nous appelez pour passer votre commande.<\/p>\n\n\n\n<div class=\"wp-block-columns is-layout-flex wp-container-core-columns-is-layout-9d6595d7 wp-block-columns-is-layout-flex\">\n<div class=\"wp-block-column is-layout-flow wp-block-column-is-layout-flow\">\n<div class=\"wp-block-buttons is-content-justification-center is-layout-flex wp-container-core-buttons-is-layout-16018d1d wp-block-buttons-is-layout-flex\">\n<div class=\"wp-block-button\"><a class=\"wp-block-button__link has-black-color has-luminous-vivid-amber-background-color has-text-color has-background has-link-color has-text-align-center wp-element-button\" href=\"tel:0033608600624\" style=\"font-style:normal;font-weight:600\">\ud83d\udcde 06 08 60 06 24<\/a><\/div>\n<\/div>\n<\/div>\n\n\n\n<div class=\"wp-block-column is-layout-flow wp-block-column-is-layout-flow\">\n<div class=\"wp-block-buttons is-content-justification-center is-layout-flex wp-container-core-buttons-is-layout-16018d1d wp-block-buttons-is-layout-flex\">\n<div class=\"wp-block-button\"><a class=\"wp-block-button__link has-black-color has-luminous-vivid-amber-background-color has-text-color has-background has-link-color has-text-align-center wp-element-button\" href=\"https:\/\/mieljura-fernandez.fr\/wp-content\/uploads\/2025\/06\/bdc_expe.pdf\" style=\"font-style:normal;font-weight:600\" target=\"_blank\" rel=\"noopener noreferrer noreferrer noopener\">Bon de commande<\/a><\/div>\n<\/div>\n<\/div>\n<\/div>\n\n\n\n<div style=\"height:30px\" aria-hidden=\"true\" class=\"wp-block-spacer\"><\/div>\n<\/div><\/div>\n<\/div><\/div>\n<\/div>\n<\/div>\n","protected":false},"excerpt":{"rendered":"<p>En juillet et ao\u00fbt, venez nous rendre visite \u00e0 la ferme chaque mercredi de 16h30 \u00e0 18h, 11 rue de la Rippe \u00e0 Dompierre-sur-mont. Tout au long de l&rsquo;ann\u00e9e, retrouvez \u00e9galement nos bons miels \u00e0 la fromagerie du Mont-Orgier \u00e0 Orgelet.<\/p>\n","protected":false},"author":1,"featured_media":0,"parent":0,"menu_order":2,"comment_status":"closed","ping_status":"closed","template":"templates\/template-page-full-width.php","meta":{"footnotes":""},"class_list":["post-272","page","type-page","status-publish","hentry"],"_links":{"self":[{"href":"https:\/\/mieljura-fernandez.fr\/index.php\/wp-json\/wp\/v2\/pages\/272","targetHints":{"allow":["GET"]}}],"collection":[{"href":"https:\/\/mieljura-fernandez.fr\/index.php\/wp-json\/wp\/v2\/pages"}],"about":[{"href":"https:\/\/mieljura-fernandez.fr\/index.php\/wp-json\/wp\/v2\/types\/page"}],"author":[{"embeddable":true,"href":"https:\/\/mieljura-fernandez.fr\/index.php\/wp-json\/wp\/v2\/users\/1"}],"replies":[{"embeddable":true,"href":"https:\/\/mieljura-fernandez.fr\/index.php\/wp-json\/wp\/v2\/comments?post=272"}],"version-history":[{"count":3,"href":"https:\/\/mieljura-fernandez.fr\/index.php\/wp-json\/wp\/v2\/pages\/272\/revisions"}],"predecessor-version":[{"id":277,"href":"https:\/\/mieljura-fernandez.fr\/index.php\/wp-json\/wp\/v2\/pages\/272\/revisions\/277"}],"wp:attachment":[{"href":"https:\/\/mieljura-fernandez.fr\/index.php\/wp-json\/wp\/v2\/media?parent=272"}],"curies":[{"name":"wp","href":"https:\/\/api.w.org\/{rel}","templated":true}]}}