{"id":32,"date":"2024-06-23T19:35:31","date_gmt":"2024-06-23T17:35:31","guid":{"rendered":"https:\/\/mieljura-fernandez.fr\/?page_id=32"},"modified":"2024-07-19T12:55:55","modified_gmt":"2024-07-19T10:55:55","slug":"la-boutique-des-rousses","status":"publish","type":"page","link":"https:\/\/mieljura-fernandez.fr\/index.php\/la-boutique-des-rousses\/","title":{"rendered":"La boutique"},"content":{"rendered":"\n<div class=\"wp-block-columns is-layout-flex wp-container-core-columns-is-layout-9d6595d7 wp-block-columns-is-layout-flex\">\n<div class=\"wp-block-column is-layout-flow wp-block-column-is-layout-flow\" style=\"flex-basis:66.66%\">\n<div style=\"height:20px\" aria-hidden=\"true\" class=\"wp-block-spacer\"><\/div>\n\n\n\n<h5 class=\"wp-block-heading\"><strong>Notre boutique se situe au <a href=\"https:\/\/www.google.fr\/maps\/place\/278+Rue+Pasteur,+39220+Les+Rousses\/@46.4850597,6.0574254,16z\/data=!3m1!4b1!4m6!3m5!1s0x478cf7dbe8fcc1d1:0xd1f14b173a84a991!8m2!3d46.4850597!4d6.0600057!16s%2Fg%2F11bw42gd6m?entry=ttu\" target=\"_blank\" rel=\"noopener\">278 rue Pasteur aux Rousses<\/a>, dans la rue principale du centre-ville<\/strong>.<\/h5>\n\n\n\n<p>Nous vous accueillons de 10h \u00e0 12h et de 14h30 \u00e0 18h30 :<\/p>\n\n\n\n<ul class=\"wp-block-list\">\n<li><strong>Pendant les vacances de f\u00e9vrier<\/strong>: du lundi au dimanche<\/li>\n\n\n\n<li>Fermeture saisonni\u00e8re \u00e0 partir de la 3\u00e8me semaine de mars : les abeilles s&rsquo;activent de nouveau et la saison commence<\/li>\n\n\n\n<li><strong>Juillet <\/strong>: du mercredi au dimanche<\/li>\n\n\n\n<li><strong>Ao\u00fbt <\/strong>: du lundi au dimanche<\/li>\n\n\n\n<li><strong>Pendant les vacances de No\u00ebl <\/strong>: du lundi au dimanche<\/li>\n\n\n\n<li>En inter-saison, le magasin est ouvert ponctuellement, appelez-nous pour en savoir davantage<\/li>\n<\/ul>\n\n\n<div class=\"wp-block-image is-style-rounded\">\n<figure class=\"aligncenter\"><img loading=\"lazy\" decoding=\"async\" width=\"800\" height=\"600\" src=\"https:\/\/mieljura-fernandez.fr\/wp-content\/uploads\/2024\/07\/Magasin-01.jpg\" alt=\"Tout pr\u00e8s du Fort des Rousses dans le centre-ville, vous retrouverez tous nos produits dans notre magasin.\" class=\"wp-image-105\" srcset=\"https:\/\/mieljura-fernandez.fr\/wp-content\/uploads\/2024\/07\/Magasin-01.jpg 800w, https:\/\/mieljura-fernandez.fr\/wp-content\/uploads\/2024\/07\/Magasin-01-300x225.jpg 300w, https:\/\/mieljura-fernandez.fr\/wp-content\/uploads\/2024\/07\/Magasin-01-768x576.jpg 768w\" sizes=\"auto, (max-width: 800px) 100vw, 800px\" \/><\/figure>\n<\/div>\n\n\n<div style=\"height:20px\" aria-hidden=\"true\" class=\"wp-block-spacer\"><\/div>\n\n\n\n<p>En franchissant la porte, vous plongerez dans l&rsquo;univers des abeilles. Vous y retrouverez une vaste s\u00e9lection de produits de la ruche : miels de notre exploitation, propolis, gel\u00e9e royale, bonbons, pain d&rsquo;\u00e9pices, confiture, &#8230;<\/p>\n\n\n\n<div style=\"height:20px\" aria-hidden=\"true\" class=\"wp-block-spacer\"><\/div>\n\n\n<div class=\"wp-block-image is-style-rounded\">\n<figure class=\"aligncenter size-full\"><img loading=\"lazy\" decoding=\"async\" width=\"800\" height=\"600\" src=\"http:\/\/mieljura-fernandez.fr\/wp-content\/uploads\/2024\/07\/Magasin-03.jpg\" alt=\"Le rayon du magasin des Rousses : Miels, propolis, gel\u00e9e royale, confiture\" class=\"wp-image-236\" srcset=\"https:\/\/mieljura-fernandez.fr\/wp-content\/uploads\/2024\/07\/Magasin-03.jpg 800w, https:\/\/mieljura-fernandez.fr\/wp-content\/uploads\/2024\/07\/Magasin-03-300x225.jpg 300w, https:\/\/mieljura-fernandez.fr\/wp-content\/uploads\/2024\/07\/Magasin-03-768x576.jpg 768w\" sizes=\"auto, (max-width: 800px) 100vw, 800px\" \/><\/figure>\n<\/div>\n\n\n<div style=\"height:20px\" aria-hidden=\"true\" class=\"wp-block-spacer\"><\/div>\n\n\n\n<p>En compl\u00e9ment de l&rsquo;univers de la ruche, retrouvez une large gamme de produits issus de la d\u00e9coupe du bois au laser : troph\u00e9es personnalis\u00e9s, d\u00e9coration de table, d\u00e9coration de No\u00ebl, porte-cl\u00e9s, photophore, &#8230;<\/p>\n\n\n\n<div style=\"height:20px\" aria-hidden=\"true\" class=\"wp-block-spacer\"><\/div>\n\n\n<div class=\"wp-block-image is-style-rounded\">\n<figure class=\"aligncenter size-full\"><img loading=\"lazy\" decoding=\"async\" width=\"600\" height=\"800\" src=\"http:\/\/mieljura-fernandez.fr\/wp-content\/uploads\/2024\/07\/Magasin-02-rotated.jpg\" alt=\"Bonbons au miel du Jura, eucalyptus, Sapin, Bi\u00e8re du Jura\" class=\"wp-image-133\" srcset=\"https:\/\/mieljura-fernandez.fr\/wp-content\/uploads\/2024\/07\/Magasin-02-rotated.jpg 600w, https:\/\/mieljura-fernandez.fr\/wp-content\/uploads\/2024\/07\/Magasin-02-225x300.jpg 225w\" sizes=\"auto, (max-width: 600px) 100vw, 600px\" \/><\/figure>\n<\/div><\/div>\n\n\n\n<div class=\"wp-block-column is-layout-flow wp-block-column-is-layout-flow\" style=\"flex-basis:33.33%\">\n<div style=\"height:20px\" aria-hidden=\"true\" class=\"wp-block-spacer\"><\/div>\n\n\n\n<div class=\"wp-block-group\"><div class=\"wp-block-group__inner-container is-layout-constrained wp-block-group-is-layout-constrained\">\n<div class=\"wp-block-group has-luminous-vivid-amber-color has-black-background-color has-text-color has-background has-link-color wp-elements-150f0a07b0b95e7fb1ec8225e0d5a857\"><div class=\"wp-block-group__inner-container is-layout-constrained wp-block-group-is-layout-constrained\">\n<h5 class=\"wp-block-heading has-text-align-center has-luminous-vivid-amber-color has-black-background-color has-text-color has-background has-link-color wp-elements-0efcbdf9907410305b0430d2eb101017\">Recevez nos bons miels pr\u00e8s de chez vous<\/h5>\n\n\n\n<p class=\"has-text-align-center has-luminous-vivid-amber-color has-black-background-color has-text-color has-background has-link-color wp-elements-83b9116acb18f00712f19356eb6fb98d\">Vous arrivez \u00e0 la fin de votre dernier pot de miel du Jura, encore 2 cuill\u00e8res et c&rsquo;est la fin, plus rien, plus une petite goutte de votre miel pr\u00e9f\u00e9r\u00e9. Aucun espoir de revenir dans le Jura dans les prochains jours. Le d\u00e9sespoir s&#8217;empare de vous et la d\u00e9pression vous gagne&#8230; \ud83d\ude30<br><br>Pas de panique, nos miels peuvent \u00eatre exp\u00e9di\u00e9s directement pr\u00e8s de chez vous en quelques jours, dans le point Mondial Relay de votre choix.<br><br>Et l\u00e0, votre sourire r\u00e9apparait, l&rsquo;espoir rena\u00eet subitement \ud83d\ude0d et vous nous appelez pour passer votre commande.<\/p>\n\n\n\n<div class=\"wp-block-columns is-layout-flex wp-container-core-columns-is-layout-9d6595d7 wp-block-columns-is-layout-flex\">\n<div class=\"wp-block-column is-layout-flow wp-block-column-is-layout-flow\">\n<div class=\"wp-block-buttons is-content-justification-center is-layout-flex wp-container-core-buttons-is-layout-16018d1d wp-block-buttons-is-layout-flex\">\n<div class=\"wp-block-button\"><a class=\"wp-block-button__link has-black-color has-luminous-vivid-amber-background-color has-text-color has-background has-link-color has-text-align-center wp-element-button\" href=\"tel:0033608600624\" style=\"font-style:normal;font-weight:600\">\ud83d\udcde 06 08 60 06 24<\/a><\/div>\n<\/div>\n<\/div>\n\n\n\n<div class=\"wp-block-column is-layout-flow wp-block-column-is-layout-flow\">\n<div class=\"wp-block-buttons is-content-justification-center is-layout-flex wp-container-core-buttons-is-layout-16018d1d wp-block-buttons-is-layout-flex\">\n<div class=\"wp-block-button\"><a class=\"wp-block-button__link has-black-color has-luminous-vivid-amber-background-color has-text-color has-background has-link-color has-text-align-center wp-element-button\" href=\"https:\/\/mieljura-fernandez.fr\/wp-content\/uploads\/2025\/06\/bdc_expe.pdf\" style=\"font-style:normal;font-weight:600\" target=\"_blank\" rel=\"noopener noreferrer noreferrer noopener\">Bon de commande<\/a><\/div>\n<\/div>\n<\/div>\n<\/div>\n\n\n\n<div style=\"height:30px\" aria-hidden=\"true\" class=\"wp-block-spacer\"><\/div>\n<\/div><\/div>\n<\/div><\/div>\n<\/div>\n<\/div>\n","protected":false},"excerpt":{"rendered":"<p>Notre boutique se situe au 278 rue Pasteur aux Rousses, dans la rue principale du centre-ville. Nous vous accueillons de 10h \u00e0 12h et de 14h30 \u00e0 18h30 : En franchissant la porte, vous plongerez dans l&rsquo;univers des abeilles. Vous y retrouverez une vaste s\u00e9lection de produits de la ruche : miels de notre exploitation, [&hellip;]<\/p>\n","protected":false},"author":1,"featured_media":0,"parent":0,"menu_order":0,"comment_status":"closed","ping_status":"closed","template":"templates\/template-page-full-width.php","meta":{"footnotes":""},"class_list":["post-32","page","type-page","status-publish","hentry"],"_links":{"self":[{"href":"https:\/\/mieljura-fernandez.fr\/index.php\/wp-json\/wp\/v2\/pages\/32","targetHints":{"allow":["GET"]}}],"collection":[{"href":"https:\/\/mieljura-fernandez.fr\/index.php\/wp-json\/wp\/v2\/pages"}],"about":[{"href":"https:\/\/mieljura-fernandez.fr\/index.php\/wp-json\/wp\/v2\/types\/page"}],"author":[{"embeddable":true,"href":"https:\/\/mieljura-fernandez.fr\/index.php\/wp-json\/wp\/v2\/users\/1"}],"replies":[{"embeddable":true,"href":"https:\/\/mieljura-fernandez.fr\/index.php\/wp-json\/wp\/v2\/comments?post=32"}],"version-history":[{"count":22,"href":"https:\/\/mieljura-fernandez.fr\/index.php\/wp-json\/wp\/v2\/pages\/32\/revisions"}],"predecessor-version":[{"id":244,"href":"https:\/\/mieljura-fernandez.fr\/index.php\/wp-json\/wp\/v2\/pages\/32\/revisions\/244"}],"wp:attachment":[{"href":"https:\/\/mieljura-fernandez.fr\/index.php\/wp-json\/wp\/v2\/media?parent=32"}],"curies":[{"name":"wp","href":"https:\/\/api.w.org\/{rel}","templated":true}]}}